r a multiple of 21?
False
Let h be (-8)/(-16) - (-29)/2. Does 25 divide (-172)/(-3) - (-10)/h?
False
Suppose -2*g + 30 = 5*r, 5*r + g + 6 - 41 = 0. Does 8 divide r?
True
Let n be ((-2)/(-4))/(4/88). Suppose w + b - 17 = 6*b, -4*w = -b - n. Suppose u + 12 = -w*h - 3*h, -3*u + 2*h + 32 = 0. Does 7 divide u?
False
Suppose -3*v - 2*i - 6 = -5*i, v - 5*i + 14 = 0. Let c be 2/(-2)*(v - 6). Suppose -j - 4*t + 35 = 0, -j - c*t + 12 + 26 = 0. Is 12 a factor of j?
False
Let v(r) = -r**3 + 5*r**2 + 5*r + 2. Let a be v(6). Let z(h) = -2*h - 3 + 3. Is z(a) a multiple of 8?
True
Let d be 2/((-1)/(-1 + 2)). Let h = d - -4. Is 0 + 16 + (h - 1) a multiple of 17?
True
Suppose 3 = -t - 2. Let g(a) = -4*a - 27. Let r(w) = 6*w + 40. Let o(z) = t*r(z) - 7*g(z). Does 3 divide o(-10)?
True
Let a(i) = 5*i - 15. Let t be a(10). Suppose -t - 310 = -5*n. Does 19 divide n?
False
Does 13 divide (129/6)/(3/(3 - -21))?
False
Let m = -432 - -140. Is m/(-18) + 8/(-36) a multiple of 6?
False
Suppose -3*z + 704 = -265. Is 24 a factor of z?
False
Let t = -1 + -2. Does 16 divide (t - -20) + 0 + 0?
False
Is (117/27)/(1/3) a multiple of 4?
False
Let d(n) = -21*n. Let k be d(-2). Let q = k + -16. Let i = q + -16. Does 10 divide i?
True
Let s = -8 - -9. Is -3 - s/(3/(-99)) a multiple of 28?
False
Let g = 41 + -69. Let t = 9 - g. Does 9 divide t?
False
Let i = 6 - -24. Does 6 divide i?
True
Suppose -2*b - 3*l + 6*l - 12 = 0, -l - 10 = 4*b. Let q be ((-6)/b)/1 + 0. Suppose 1 = q*c - 9. Does 2 divide c?
False
Let p(o) = o**3 + o**2 - 4*o - 3. Let t be p(-2). Let a(m) = 44*m**2 - m + 1. Let x be a(t). Suppose -x = -2*k + k. Is k a multiple of 24?
False
Is ((-6)/5)/((-12)/520) a multiple of 8?
False
Let w be 16 + -4 + -2 + 4. Let m = w - 8. Does 6 divide m?
True
Let a(o) = -o**3 + 2 + 0*o**3 + 2*o**3 - 1. Let d be a(-1). Suppose d = -0*b - 2*b + 14. Is b a multiple of 2?
False
Let c = 2 - -11. Let o be (-4)/14 + (-51)/(-7). Let g = c - o. Is 5 a factor of g?
False
Let h(g) = g**3 + 11*g**2 - 14*g + 9. Does 3 divide h(-12)?
True
Let h(w) = w**2 + 3*w + 4. Suppose -48 = -t - t. Suppose 4*p + t = -4. Does 9 divide h(p)?
False
Let p(d) = d**2 - 4*d + 7. Is p(5) a multiple of 4?
True
Let h = 9 - 7. Suppose 3*y + h*y + 25 = 0. Let k = y + 15. Is k a multiple of 5?
True
Is (48 - -15) + -2*1 a multiple of 14?
False
Is 21 a factor of (-7)/(((-3)/36)/1)?
True
Let u(g) = g**3 - 3*g**2 - 7*g - 2. Let m be u(5). Let h = m - -16. Does 11 divide h?
False
Suppose 4*l + l - 5*x + 225 = 0, -2*l - 93 = -x. Is (l/(-18))/((-1)/(-3)) a multiple of 3?
False
Does 2 divide (-24)/20*-5 - 1?
False
Suppose 8 = -5*t + 53. Let u = t + 5. Is 6 a factor of u?
False
Let x = 60 + -25. Let n = x + -5. Suppose -2*h + 40 = 4*s, -2*h = -0*h + 2*s - n. Is h a multiple of 5?
True
Let s(x) = 5*x**2 + x + 4. Let c be s(-2). Suppose -w = -c - 12. Does 10 divide w?
False
Suppose -2*g - 9 = -3*g. Does 3 divide g - ((-4)/(-2) - 2)?
True
Suppose -300 = -3*g - 2*t, -2*g - 133 = -5*t - 352. Is 34 a factor of g?
True
Suppose 5*g = -4*p + 508, -p = -5*g + 2*g + 315. Suppose -m - m = -g. Is 13 a factor of m?
True
Let u = 14 - -13. Does 16 divide u?
False
Is 3 a factor of (-4)/(-3) - 537/(-9)?
False
Suppose 0 - 15 = 5*a. Let z = a + 8. Suppose -4*c + 7 + 4 = -d, z*d - 5 = 0. Is 2 a factor of c?
False
Suppose -3*u = -0*u - 63. Is 5 a factor of u?
False
Suppose 0 = 4*d + 2 - 22. Let o(s) = 2*s**2 - 4*s + 7. Let i be o(d). Suppose 0 = a - i - 17. Is a a multiple of 18?
True
Let a(o) = -11*o - 47. Does 2 divide a(-5)?
True
Suppose 0*n + 4*n - 28 = -4*u, 5*n + 2*u = 20. Let o be (15/(-6) + n)*2. Let j = 5 - o. Is 6 a factor of j?
True
Let c(l) be the second derivative of -31*l**5/20 + l**4/12 - l**3/6 - l**2/2 + 3*l. Does 12 divide c(-1)?
False
Suppose 5*k = 5*j - 535, 5*k - 2*j + 106 = 4*k. Let h = 152 + k. Does 28 divide h?
False
Let y = -11 - -5. Let f be 3*-1*(-2)/y. Is 5 a factor of 10 + ((-2)/f - 2)?
True
Suppose -29 = -5*i + 331. Does 8 divide i?
True
Suppose 0 = -2*n - m + 49, 4*m = -n - n + 34. Suppose -2*a + n = k + 6, 4*k = -2*a + 6. Does 9 divide a?
False
Let h(j) be the first derivative of -j**3/3 + 4*j**2 + 5*j + 3. Is 9 a factor of h(4)?
False
Let q(d) be the second derivative of 23*d**3/6 - 2*d. Let t be (-6)/21 - 9/(-7). Does 14 divide q(t)?
False
Let g(z) = -22*z. Let f be -2 - (2 - (3 - 0)). Let k be g(f). Suppose -20 = -q - 2*h, -2*q + 4*h - k = -70. Is 12 a factor of q?
False
Let p be 3 + 0 - (-4 + 2). Suppose -p*d + 98 = f, d - 42 = -f + 68. Suppose 0 = -5*y + 172 + f. Is 21 a factor of y?
False
Suppose -4*g + 23 + 101 = 0. Does 11 divide g?
False
Let a be (-2 - -1)*24 - 0. Let n be 1/((-2)/(a/3)). Suppose 4*h = -5*p + 90, -h = n*p + 4*h - 72. Is p a multiple of 11?
False
Let b = 56 - 34. Is 8 a factor of b?
False
Let h = -14 - -87. Is h a multiple of 19?
False
Suppose 5*k = 3*s + 115, -4*k + 0 + 55 = 5*s. Is 8 a factor of k?
False
Is (2/6)/(3/162) a multiple of 6?
True
Let f(g) = -g**2 - 11*g. Is 8 a factor of f(-8)?
True
Suppose -5*g + 168 = 13. Is g a multiple of 13?
False
Suppose -4*g + 2*v = -26 + 246, -g - 2*v = 45. Let s = -20 - g. Is s a multiple of 13?
False
Suppose 3*m - 2*g = 1, m + 0*g - 7 = -g. Suppose -2*h = m*h - 145. Does 8 divide h?
False
Let k(s) = 9*s**3 + 4*s - 3. Let u be k(2). Let p be (-4)/(12/(-7))*-18. Let o = p + u. Is 12 a factor of o?
False
Let o be (-9)/(-2 - 1) + -1. Suppose -3*g = t - 1, 3*t - 3 = -2*g - o*g. Let p = 19 + t. Is 7 a factor of p?
False
Let r(h) = -h**2 + 7*h - 2. Suppose -o + 4*i = -2*o - 14, 4*o + 2*i = 0. Let c(f) = 2*f**2 - 2*f. Let q be c(o). Is 10 a factor of r(q)?
True
Let g = -5 - -7. Suppose -3*w - g = m - 4, -3*w = 0. Suppose 0*q = -m*q + 22. Is 4 a factor of q?
False
Suppose -5*p - 5*g - 15 = 0, 4*g = 3*p + 5*g + 3. Suppose p = -r - 5, -3*q - r + 43 = 0. Is 6 a factor of q?
False
Let c = 203 - 141. Is 5 a factor of c?
False
Suppose 3*g = 4*j - 0*j - 363, -3*j = -2*g - 272. Is j a multiple of 6?
True
Let j(i) = i - 4. Let u be j(8). Suppose -f - 5*v = u*f - 205, -2*f = v - 80. Is f a multiple of 13?
True
Suppose 0 = -2*v + 10. Suppose -70 = 3*q - 265. Suppose -v*y = -0*y - q. Is 13 a factor of y?
True
Let g = 7 - 2. Suppose -b + g*p - 4*p + 38 = 0, 4*b - 136 = -4*p. Is (8/(-2))/((-8)/b) a multiple of 10?
False
Let a = -3 + 4. Let y = a - -4. Suppose y*x = 2*x, -2*x - 5 = -c. Is c a multiple of 5?
True
Let h(d) be the third derivative of -d**6/120 + 2*d**5/15 + 5*d**4/12 + d**3 - d**2. Is 8 a factor of h(9)?
False
Let y(l) = l**2 - 10*l + 11. Let c be y(9). Let t = 2 + -2. Is 18 a factor of 1/(c/86 - t)?
False
Let q = 2 + 1. Suppose -5*n + 16 = -g, -g - 2 = -2*n + 2. Suppose -73 = -q*r + 2*b, -r + 0*b + 11 = -n*b. Is 16 a factor of r?
False
Let q(l) = -l**2 + 22*l - 28. Does 5 divide q(17)?
False
Let t(i) be the first derivative of 3*i**4/4 - 4*i**3/3 + 3*i**2/2 + 3. Is t(2) a multiple of 7?
True
Let k = -182 + 263. Is 27 a factor of k?
True
Let s(r) = -r + 46. Is s(-9) a multiple of 6?
False
Let j(f) = -f - 2. Let y be j(-6). Suppose 0*a = -w - 2*a + y, -a = 4*w - 30. Is w a multiple of 7?
False
Let q = -6 - -10. Suppose 0*a = -2*r - 3*a + 35, q*r - 5*a = 103. Is r a multiple of 22?
True
Let j = 25 + -25. Suppose j = 3*h - 11 - 109. Is h a multiple of 10?
True
Let y = -6 - -4. Let b(u) = 7*u + 5. Let d(h) = 8*h + 4. Let m(f) = 2*b(f) - 3*d(f). Does 7 divide m(y)?
False
Let y = -10 - -14. Does 20 divide ((-32)/5 + y)*-25?
True
Let f(a) = -2*a**2 - 3*a + 3. Let i(d) = d**2 + 4*d - 4. Let l(n) = -4*f(n) - 3*i(n). Let w = -7 + 5. Is 10 a factor of l(w)?
True
Suppose b = 3*g + 3, -b - 2*g = b + 18. Let j(w) = -w**3 - 6*w**2 - 3*w - 15. Is j(b) a multiple of 2?
False
Let c(f) = 2*f + 54. Let h be c(0). Suppose 0 = -2*k + h. Does 9 divide k?
True
Let i = 11 - 4. Suppose 2*j + 20 = i*j. Is 17 a factor of (-71)/(-2) - (-2)/j?
False
Is (-4 - -7)/(-3)*-13 a multiple of 4?
False
Let k be -3*(3 - 2)*-1. Let a be (-2 + 3)/(k/(-66)). Is (-4)/a + (-456)/(-33) a multiple of 7?
True
Let n = -71 - -19. Is (4/(-2))/(8/n) a multiple of 10?
False
Suppose 0*c = 2*c - j + 1, 0 = 2*c - 2*j - 4. Is 26/c*30/(-4) a multiple of 13?
True
Let g be ((-2)/(-4))/(2/(-76)). Let p = 39 + g. Does 10 divide p?
True
Suppose 0 = 4*g + 3*j - 123, -5*j + 25 + 10 = g. Is 15 a factor of g?
True
Suppose 11 = -